v = -801 - 525. Let l = v - -2387. List the prime factors of l.
1061
Suppose -2*o + 6 = 0, c + 11*o - 6*o = 20. What are the prime factors of (c/(-2))/((-16)/3200)?
2, 5
Suppose 5*k = -5*f + 25, -f - k = 2*f - 25. Suppose -x + 622 = 11*v - f*v, -5*x + 1862 = 3*v. List the prime factors of v.
2, 3, 13
Let j = 40 + -36. Let h(v) = v**2 - 6*v + 12. Let d be h(j). Suppose 0 = -u + d*u - 3*n - 177, -2*u + n = -119. What are the prime factors of u?
2, 3, 5
Let c be (-159612)/(-132) - 6/33. Suppose 0 = -4*s + s + c. What are the prime factors of s?
13, 31
Let b be (4 - (-2 - -6)*576) + 0. Let f = -1520 - b. What are the prime factors of f?
2, 3, 5, 13
List the prime factors of 223242/78 - (7 + 720/(-104)).
2, 3, 53
Suppose -3*m + 0*l = l - 26, 2*m = 3*l + 10. Suppose -13196 = -m*t + 1172. List the prime factors of t.
2, 449
Let z = -1495 - -3762. Suppose -u - 2*s = -s - 447, 5*u - 3*s = z. List the prime factors of u.
11, 41
Let k(u) = -6*u + 3. Let o be k(-14). What are the prime factors of (-1 + 7)*7598/o?
2, 131
Let k(p) = -p**2 + 15*p + 4. Let g be k(15). Let i be g/10 - (-358)/5. Suppose -3*y = -o + 72, 3*y - 8*y = o - i. List the prime factors of o.
2, 3
What are the prime factors of (-745855)/(-71) + 1/2*-2?
2, 13, 101
Suppose -57*s - 121719 = -1331259. What are the prime factors of s?
2, 5, 1061
List the prime factors of 3*(64/1056 + (-2692660)/(-132)).
3, 20399
Suppose -m + v + 22 = -80, -2*v + 204 = 2*m. Let t be 6 + 0/(-3) - -15. Suppose -t*w + m = -15*w. What are the prime factors of w?
17
List the prime factors of (((-70)/15)/7)/((-5)/366750*5).
2, 3, 5, 163
Suppose 4*a - 134024 = -33*o + 28*o, 0 = 5*a - 2*o - 167596. What are the prime factors of a?
2, 3, 7, 19
Let i(z) = z**3 + 11*z**2 - 16*z - 16. Let n be i(-9). Suppose n*q = 297*q - 7147. What are the prime factors of q?
1021
Suppose 2*y = 4*r + 50, -y - 25 = 4*y. Let z(u) be the third derivative of u**6/60 + 31*u**5/60 + u**4/8 - u**3/6 + 36*u**2. List the prime factors of z(r).
179
Let i(g) = 7*g**2 - 4*g + 7. Suppose 2*s - 6 = -2. Let z be i(s). What are the prime factors of (-10)/(-45) - (-1803)/z?
67
Let c be (-10)/(1*(-3 - -2)). Let i be -2*(0 - 15/c). Suppose -5*z + s + 3*s = -245, 0 = 5*z + i*s - 245. What are the prime factors of z?
7
Suppose -1319*g - 112906 + 29791 = -1334*g. What are the prime factors of g?
3, 1847
Suppose -26*a - d = -28*a + 8339, 20825 = 5*a + 5*d. What are the prime factors of a?
2, 521
Let p be 155/(-10)*(0 + -2). Let d be -328*(155/20 + -8). Let w = d - p. What are the prime factors of w?
3, 17
Suppose 126*m = 30*m + 3051264. List the prime factors of m.
2, 29, 137
Suppose -4866 = -5*p - 3*n + 4*n, 0 = -3*n + 12. Let u = -482 + p. List the prime factors of u.
2, 3, 41
Let j(x) = 6*x**2 + 18*x + 18. Let w(r) = -7*r**2 - 16*r - 18. Let b(p) = -6*j(p) - 5*w(p). List the prime factors of b(-20).
2, 71
Suppose 2*s + 3*y - 15447 = 0, s + 34*y - 27*y - 7729 = 0. What are the prime factors of s?
2, 3, 11, 13
Suppose -29389 = -49*f + 5107. Suppose -5*l - 5*z + 1797 = 77, 0 = 2*l - 2*z - f. What are the prime factors of l?
2, 3, 29
Let m be 16/11 - 54/(-99). Suppose -5*f = -4*h - 807, 2*f - m*h - 642 = -2*f. What are the prime factors of f?
3, 53
Let s be ((-60)/(-14))/(11 + 16032/(-1456)). Let m = 1094 + s. What are the prime factors of m?
2, 11
What are the prime factors of 6207*((-4)/(-32) - ((-294)/(-48) + -7))?
3, 2069
Suppose -j + 0*c = 5*c + 9, -c = 3*j - 15. Suppose 586 + 1106 = j*t. List the prime factors of t.
2, 3, 47
Suppose -12*u - 1644 = -7920. Let r = -115 + u. What are the prime factors of r?
2, 3, 17
List the prime factors of (-33705)/28*-2*(-36)/(-30).
3, 107
Suppose 5*s - 2009 = p, 2*s - 548 = p + 255. Let x be (67/(-3))/((-1)/(-9)). Let d = x + s. What are the prime factors of d?
3, 67
Suppose 137*n - 1042 = 136*n. Suppose -15*p + 188 = -n. What are the prime factors of p?
2, 41
Let i be ((-16)/10)/((-1)/(385/(-2))). Let z = i + 662. Let v = z + -213. What are the prime factors of v?
3, 47
Suppose 10 = 2*r, 2*q + 924 = 4*q + 4*r. Let v be 1 - 2 - (-117 - -8). Suppose q = 4*u + v. List the prime factors of u.
2, 43
Let s(w) = -w**3 - 112*w**2 + 180*w + 235. List the prime factors of s(-114).
13, 439
Suppose 27*h + 0*h = 10*h + 415072. List the prime factors of h.
2, 7, 109
Suppose 3 = 5*w - 12, -w = -x + 6856. Let o be x/209 - 4/(-22). Suppose o = c - 112. List the prime factors of c.
5, 29
Let a = -1870 - -2843. Let u = -556 + a. List the prime factors of u.
3, 139
Let x = -5101 + 3607. Let k = x + 2367. What are the prime factors of k?
3, 97
Let o be 1/5 + (-774)/(-30). Let x = o - 22. Suppose 6*f - 5*r - 244 = x*f, 2*f + 2*r - 216 = 0. What are the prime factors of f?
2, 7
Let l(z) = 612*z**2 - 96*z - 48. List the prime factors of l(6).
2, 3, 223
Let w = 2089 + -690. Let p = 2549 - w. What are the prime factors of p?
2, 5, 23
Let n = -46 + 65. Let k(j) = j**2 - 8*j + 37. Let d be k(n). Let o = d - 141. List the prime factors of o.
3, 5, 7
Let z be ((-4)/(-1))/((-13)/104). List the prime factors of ((-8)/z)/(1/604).
151
Let x(m) = -3*m**2 + 51*m + 16. Let b be x(17). Let p(t) = -t**3 + 17*t**2 + 17*t - 28. List the prime factors of p(b).
2, 5
Let k(y) = -29*y**2 - 6*y + 16. Let t be k(3). Let l = t - -865. What are the prime factors of l?
2, 7, 43
Let f = -85 + 84. Suppose 5*m = -4*z - 7, -2*m + 0*m - 5*z + 4 = 0. List the prime factors of (m + 37)/(f + 1 + 1).
2, 17
Suppose c - 140420 = -19*c. List the prime factors of c.
7, 17, 59
Suppose -121*u + 56*u + 3486 = -64*u. List the prime factors of u.
2, 3, 7, 83
Let y = 283 + 545. Suppose k = a - y, 0*a - 3314 = -4*a + 2*k. List the prime factors of a.
829
Let g(b) = -b**2 + 3. Let a be g(0). Suppose 4*d + 2*n - n - 742 = 0, a*d = -4*n + 563. Let p = d + -95. List the prime factors of p.
2, 3, 5
Let w = 14295 - 5423. What are the prime factors of w?
2, 1109
Let y = 24 + -15. Suppose -3*c + 3*t = -15, 0 = -c + 5*t + y. Suppose -d + 42 = d - c*a, 5*a = -4*d + 97. List the prime factors of d.
23
Let b(t) = t**2 - 50*t - 154. Let u be b(-3). Let x(f) be the third derivative of 3*f**4/8 - 11*f**3/3 + 2*f**2. List the prime factors of x(u).
23
Let r(p) = -36*p + 10. Let z be r(1). Let w be 14*(0 - -4) - 2. Let y = w + z. List the prime factors of y.
2, 7
Let s = -997 + 1044. Suppose -28294 = s*t - 61*t. List the prime factors of t.
43, 47
Let r(y) = y**3 - 82*y**2 + 250*y - 118. What are the prime factors of r(80)?
2, 3541
Let h be 2/21 + (-217417)/(-399). Suppose 2*x - 1327 - h = -4*c, 3*c + 3711 = 4*x. What are the prime factors of x?
2, 3, 5, 31
Suppose -2*s - 612 = 3*f, 5*s - f + 2*f + 1504 = 0. Let b(c) = -299*c + 422. Let p be b(0). Let j = p + s. List the prime factors of j.
2, 61
Suppose -3*t = 5*j + 288, 4*t = t + 12. List the prime factors of (1 + 503 + 1)/(j - -61).
5, 101
Suppose 4*k - 3*f - 43 = 0, -4*k - 3*f = -3*k + 8. Suppose j - 2840 = -k*j. What are the prime factors of j?
5, 71
Let r(y) = 6*y - 113. Let v be r(19). Let f(o) = 1456*o - 34. What are the prime factors of f(v)?
2, 3, 79
Let s = -1 - 1. Let w(x) = -164*x + 20. List the prime factors of w(s).
2, 3, 29
Suppose 4*c - 13673 = -s, 38*s = 37*s + 3*c + 13694. List the prime factors of s.
5, 7, 17, 23
Let n(p) = -10*p + 70. Let x(k) = 3*k - 23. Let h(f) = 2*n(f) + 7*x(f). Let j be h(14). Let v(a) = -a**3 - 4*a**2 + 9*a + 1. What are the prime factors of v(j)?
5, 17
Suppose 0 = -14*w + 4223 + 621. Let a be (-1)/((5 + -2)/(-711)). Let u = w - a. What are the prime factors of u?
109
Suppose 998 = 5*h + 5*d - 6*d, 4*h - 5*d = 811. Let g = h - 121. List the prime factors of g.
2, 3, 13
Suppose -471*v + 388*v + 42755776 = 525*v. List the prime factors of v.
2, 7, 5023
Let m(c) = c**3 - 23*c**2 - 32*c + 41. Let y be m(23). Let b = 2318 + y. What are the prime factors of b?
3, 541
Suppose i + 3*b = 8*b - 65, 5*b - 105 = 2*i. Let c = i + 35. What are the prime factors of 2/2 - c/(5/47)?
2, 3
Suppose -5*r - 1 = -26. Suppose 4*k = -2*t + 8, r*t - 2*t = 2*k + 12. Suppose k = 4*x - 9*x + 335. List the prime factors of x.
67
Let a(o) = 65*o**2 - 6*o - 3. Let b(v) = 65*v**2 - 4*v - 2. Let r(l) = -3*a(l) + 4*b(l). Suppose 0 = g + 2*g + 3. List the prime factors of r(g).
2
Let d(s) = s**2 + 7*s + 16. Suppose 2*l + 4*k + 14 = 0, -5*l - 